27.
9
Suppose -1259 = -8*g - 859. Let j be -4 - -2 - 1*-7. Suppose j*q + 55 = 2*t, 0*q - 3*q = 2*t - 31. What is the greatest common factor of t and g?
10
Let z = -6 - -10. Let r = -7 + 11. Let k = r + -3. What is the highest common divisor of z and k?
1
Suppose 736 = v + 223. What is the highest common divisor of v and 18?
9
Let y = -194 + 195. Let u(w) = -2*w**3 - w**2 + 3*w + 2. Let x be u(-2). Let f be 4*(x + 2)*y. Calculate the greatest common divisor of f and 5.
5
Let h = -1 - -2. Let n = h - -4. Let u(p) = p**3 + 5*p**2 - 21*p - 34. Let z be u(-7). What is the highest common divisor of n and z?
5
Let p be 18/4*(-68 - -86). Calculate the highest common divisor of p and 18.
9
Suppose 0 = -x + 4*t - 26, 2*t = -1 + 11. Let l = 33 + x. Calculate the highest common factor of 216 and l.
27
Suppose -5*k - 2*c + 20 = 0, 5 = -c + 2*c. Suppose k*p - 6*p = -48. Suppose -660 = 16*h - 21*h. Calculate the greatest common divisor of h and p.
12
Let j = -1257 - -1290. What is the greatest common factor of 9 and j?
3
Let f(b) = b + 9. Let q be f(9). Suppose -5*o + 3*x = -20, 4*o + 0*o - 2*x - q = 0. Let u be (-1 + -1 - o)*-5. What is the greatest common factor of u and 18?
9
Suppose 0 = 2*a + 3*a + n - 364, -4*n + 16 = 0. Suppose 0*p - 6*p + 2*p = 0. Suppose p = 5*x - 27 - 13. What is the highest common divisor of a and x?
8
Let v be (32/(-5))/(13/65). Let h be ((v/(-5))/4)/((-5)/(-175)). Calculate the highest common divisor of 16 and h.
8
Let c = 16 + -11. Suppose 0*q - c*q + g = -331, -2*g = 5*q - 328. Suppose 3*y - q = 72. Calculate the greatest common divisor of 23 and y.
23
Let z = 13 - -2. Let m = 26 - z. Calculate the greatest common factor of 44 and m.
11
Let t(a) = -33*a - 12. Let p be t(-5). Let b = p + -99. Calculate the greatest common divisor of b and 9.
9
Suppose 0 = 2*o, 0*j = 4*j + 3*o - 24. Suppose -1 + 21 = -5*h. Let g = h - -28. What is the highest common factor of j and g?
6
Let u(i) be the second derivative of -2*i**3/3 - 9*i**2/2 + 6*i. Let g be u(-4). What is the highest common divisor of 28 and g?
7
Let q = 17 - 23. Let y = -1 - q. Calculate the highest common divisor of y and 20.
5
Suppose 2*j + 5*z + 244 = 6*j, 3*z = 0. Suppose 3*x = 2*c + j, -x + 3*x + c = 29. Calculate the highest common divisor of x and 34.
17
Let r(y) = -4*y - 4. Let h be r(-6). Let c = 16 - h. Let t be (-2524)/(-10) + c/10. What is the greatest common divisor of t and 28?
28
Let q(o) be the first derivative of -3*o**2 - 34*o - 16. Let a be q(-19). Calculate the highest common factor of 10 and a.
10
Suppose -3*t + j - 3*j + 20 = 0, 5*j = -5*t + 40. Calculate the greatest common factor of t and 16.
4
Suppose -54*q - d - 168 = -58*q, 20 = -5*d. What is the highest common divisor of 41 and q?
41
Let g be (18/(-7))/((-132)/41888). What is the greatest common factor of g and 102?
102
Let n = 151 + -129. Calculate the greatest common divisor of n and 682.
22
Let g be (-274)/(-6) - 4/6. What is the highest common factor of 180 and g?
45
Let c(x) = -x**3 - 6*x**2 - x + 4. Let m = -13 - -7. Let k be c(m). Calculate the highest common factor of k and 2.
2
Let y = -40 - -41. Let r be (-1075)/(-10) - y/(-2). Calculate the greatest common divisor of 12 and r.
12
Let p = 42 - 50. Let b be 1/(-4) - 1346/p. Calculate the highest common factor of b and 24.
24
Suppose -16*x - 11502 = -34*x. What is the highest common factor of 9 and x?
9
Suppose 4*m - 27 = 84*z - 85*z, 4*m - 72 = -4*z. Calculate the greatest common factor of z and 5385.
15
Let s(x) = x**3 - 19*x**2 - 43*x + 39. Let i be s(21). What is the greatest common divisor of 450 and i?
18
Suppose 1290 = -29*v + 16370. What is the highest common divisor of 130 and v?
130
Let p(f) = 167*f**2 + 8*f + 22. Let c be p(-2). Calculate the greatest common divisor of c and 2.
2
Suppose 2*y = -y + 33. Suppose -27*j - j = -5*j - 2783. What is the highest common factor of y and j?
11
Let n be 16/(-20) - 7/(210/(-6144)). Calculate the greatest common divisor of n and 12.
12
Suppose 74 = 2*r - 88. Suppose -r = -5*h + 29. What is the highest common divisor of h and 55?
11
Suppose -4*z - 20*x + 98 = -22*x, -2*z = -2*x - 44. What is the greatest common factor of 189 and z?
27
Let p be 1*4 + -254*(-5)/(-10). Let v = 169 + p. Calculate the highest common divisor of v and 138.
46
Let n = 13 - 7. Suppose 4*z - 6*z + n = 0. Suppose -a = z*a - 608. What is the highest common divisor of 19 and a?
19
Suppose 3*s - 10 = 2. Let g(u) = -2*u + 47. Let l be g(22). Suppose 63 = 3*q - l*h, -20 = s*h - 0*h. Calculate the greatest common divisor of 176 and q.
16
Let q(s) = 4*s + 21. Let g be q(-6). Let p be (-15)/(-120) + 335/8 + g. Calculate the greatest common factor of p and 26.
13
Suppose 3700 + 248 = 12*x. What is the greatest common divisor of x and 47?
47
Suppose -86*f + 2976 = -55*f. Calculate the greatest common factor of 48 and f.
48
Suppose -a = 5*v - 90, -3*a = a - 2*v - 360. Calculate the highest common factor of a and 252.
18
Let k be (-3 + -3)*(-3)/9. Let m(j) = 13*j**3 - 2*j. Let f be m(k). Suppose 3*s = -b + f + 48, -s + 36 = 3*b. Calculate the greatest common divisor of s and 17.
17
Let w = 101 + -46. What is the greatest common factor of 165 and w?
55
Let b(l) = l**2 + 7*l - 18. Let x be b(-9). Suppose x = 5*o - 357 - 693. What is the greatest common divisor of o and 84?
42
Suppose 94 = 4*w - 5*a, -a + 5*a = 3*w - 71. What is the greatest common factor of 28 and w?
7
Suppose 4*y + 3*b + b = 292, 4*b + 140 = 2*y. Suppose -a + y = 4*w + 11, w = -2*a + 150. Calculate the highest common factor of a and 11.
11
Suppose -2*b + 2*p + 200 = 0, -5*p + 18 = 23. Calculate the highest common factor of 72 and b.
9
Let g(v) = 6*v - 63. Let f be g(26). Calculate the highest common factor of 155 and f.
31
Let u(z) = z**3 - 3*z + 3. Let h be u(2). Suppose -b + 69 = -h*q + 9, -324 = -5*b + q. What is the highest common factor of b and 13?
13
Let z be ((-1)/(-3))/((-3)/45). Let u = z + 2. Let s be 3 - 6/(u - -1). Calculate the highest common divisor of 6 and s.
6
Let a = 44 + -12. Let b = a - -28. Calculate the greatest common divisor of b and 15.
15
Let u = 59 + -33. Suppose 5*l + 520 = 4*d, 4*l - 476 = -4*d + 44. Calculate the greatest common factor of u and d.
26
Let l(q) = q - 7. Let i(f) = 2*f - 8. Let j(o) = 5*i(o) - 6*l(o). Let t be j(4). Let b = -10 + t. Calculate the highest common factor of b and 64.
8
Let i be (1 - 4) + 33/3. Suppose -4*c - 39 = -q, 3*q - 3*c + i*c = 32. What is the greatest common factor of 133 and q?
19
Suppose 6*l + 15 = 5*l + 5*y, 4*l + 155 = y. Let x = l + 50. Calculate the highest common divisor of 4 and x.
2
Let t be -4 + (-1 + -9)/(-5) - -4. Suppose -7*w + 2*w + t*u = -58, w + 3*u + 2 = 0. Calculate the greatest common factor of w and 20.
10
Suppose 13*c = 31*c - 90. What is the greatest common factor of 5 and c?
5
Let a be 5*-21*(-2)/30. Let s = a + -7. Suppose -c + 4*r - 256 = -4*c, -c - 5*r + 100 = s. Calculate the highest common divisor of c and 40.
40
Let g = -69 - -108. Suppose 5*r + 4*h - 12 - 6 = 0, 4*r - 5*h - g = 0. What is the greatest common divisor of r and 12?
6
Suppose 9*y - 7*y = 22. Let a(f) = -7*f + 6. Suppose -3*s + 3*t - 40 = s, 0 = 5*s + 3*t + 23. Let m be a(s). What is the highest common divisor of m and y?
11
Suppose -2*f - 14 = 2*q - 18, -5*q = 2*f + 11. Calculate the highest common factor of 77 and f.
7
Let j(w) = -w**3 + 9*w**2 + 11*w - 10. Let a be j(10). Suppose r + 5*i - 35 + 10 = a, -5*i = -3*r - 5. Calculate the greatest common factor of 40 and r.
5
Let x(s) = 9 + s**3 - 13 + 6*s**2 + 3 + 5*s. Let n be x(-4). Calculate the greatest common factor of 55 and n.
11
Suppose r + 150 = 6*r. Suppose 0 = 2*n - 7*n + r. Let c(f) = f**2 - 2*f - 1. Let z be c(3). Calculate the highest common factor of n and z.
2
Suppose 49*y - 21*y = 700. Calculate the greatest common factor of y and 1025.
25
Suppose 1 = 2*j - 51. Let n be 152/j + 6/39. Let k = -40 + 58. What is the greatest common divisor of k and n?
6
Let h = -144 + 152. Calculate the highest common factor of 1232 and h.
8
Suppose -9*m - 40 = -10*m. Let y be -244*(-5)/m + (-2)/4. Suppose 0 = -4*u + o + 29, 5*u + 3*o + 6 - 21 = 0. What is the greatest common factor of y and u?
6
Let l(r) = -10*r - 12. Let f = -28 + 22. Let q be l(f). Calculate 